t p(k) = -k**2 + 7*k - 1. Let m be p(3). Let a(d) = d**2 - 1 - 5*d - 4*d + 3*d - 2*d. What is the tens digit of a(m)?
3
Suppose 4 = -k + 6. Suppose -z = 9 + k. Let c = z + 60. What is the units digit of c?
9
Let h(f) = -f + 12. Let n be h(5). Let k = 19 - n. What is the tens digit of k?
1
Suppose 0 = y - 313 - 0. What is the units digit of y?
3
Let s(k) = -k**2 + 3*k + 3. Let z be s(3). Let b(c) = 7*c**2 + 2. What is the tens digit of b(z)?
6
Let v be (12/10)/(4/10). Let c = 19 - 19. Let r = v + c. What is the units digit of r?
3
Suppose 246 = 2*w - 370. What is the units digit of w?
8
Suppose 15*o + 4969 = 24424. What is the tens digit of o?
9
Let d(r) = 480*r**3 + 2*r**2 - r. What is the tens digit of d(1)?
8
Suppose 3*g + 2*i - 5*i = -3, -2*i + 22 = 3*g. Let s(w) = -31 + 2*w**2 + 27 - 3*w + 0*w**2 - g*w. What is the tens digit of s(6)?
2
Suppose 0 = -x - 3*j + 160, 2*j = -2*x - 3*j + 319. Suppose -x - 291 = -2*a. What is the hundreds digit of a?
2
Suppose -20*h + 4283 = -3057. What is the units digit of h?
7
Suppose 0 = -3*a + 89 + 97. Suppose 0*s = 2*s - a. What is the units digit of s?
1
Let v(l) = -l**3 - 7*l**2 - l + 6. Let z be v(-7). Let m = -4 + z. Let h = m - -28. What is the units digit of h?
7
Suppose -2*g - 37 = -3*y, -3*y - 57 = -6*y - 3*g. Let h = -11 + y. Suppose 4*j = 20, h*z + 5*j = j + 36. What is the units digit of z?
4
Let x be (-310)/2*1*-1. Let d = 411 - 406. Suppose d*j = o + x, 6*j - 2*j - 124 = -o. What is the tens digit of j?
3
Suppose 0*u = -11*u + 3861. What is the hundreds digit of u?
3
Let r(t) = 12*t**3 - 4*t**2 - 2*t + 1. Let f(q) = q**3 - 4*q**2 - 6*q + 7. Let v be f(5). What is the units digit of r(v)?
7
Let z(g) be the second derivative of -g**5/20 - 5*g**4/12 + 5*g**3/6 - 2*g**2 - g. Let n be (-6)/(-4)*4/(-1). What is the units digit of z(n)?
2
Suppose 0 = -3*c + c + 2, 4*a + 5*c = 1785. Suppose a = 5*m - 0*m. What is the tens digit of m?
8
Let p be 1*52 + 6 + (-5 - -1). Let u = p + -8. What is the units digit of u?
6
Suppose -3*p - 33 = -4*r - 2*p, -3*r - 2*p + 33 = 0. What is the units digit of -1*(-181 + 1 + r/3)?
7
Let v(p) = 15*p**2 + 35*p + 129. What is the hundreds digit of v(-11)?
5
Let h = 6 + -6. Suppose 5*w - 205 = -h*w. Suppose 53 = 2*v - 5*i, -w = -5*v + 4*i + 117. What is the tens digit of v?
3
What is the units digit of (-70)/(-700) + (-13209)/(-10)?
1
Let m = 4 + -4. Let q(n) = n**3 + 6*n**2 + n - 8. Let x be q(-4). Suppose m*f = -f + x. What is the tens digit of f?
2
Let a(g) = g**2 - 14*g + 18. Let v be a(20). Let r = -93 + v. Suppose 2*x + 15 = -j + r, -3*j = x - 105. What is the units digit of j?
6
Let s(z) = 11*z - 19. Let h(g) = -2*g + 3. Let j(b) = 34*h(b) + 6*s(b). Let k be j(-8). Suppose 5*l - 144 = c, -5*c = l + k - 38. What is the tens digit of l?
2
Let q = -3997 + 6879. What is the thousands digit of q?
2
Let v = 1128 - 537. What is the hundreds digit of v?
5
What is the units digit of 3011 - (-5)/15*15?
6
Let w = -78 - -43. Let r = w + 51. What is the tens digit of r?
1
What is the tens digit of (6032/(-20) + -16)/(2/(-10))?
8
Suppose 3*q + 2*q + 20 = 0. Let c = q + 7. Suppose 0 = -c*a + 6 + 21. What is the units digit of a?
9
Let u(o) = 4*o + 6. Let f be u(-3). Let x = f - 5. Let i = 14 + x. What is the units digit of i?
3
Let m(c) = -16*c + 1. Let u be m(-1). Let z = 4 + u. What is the tens digit of z?
2
Suppose -m - 2 = n + 1, 0 = -m + 4*n + 2. Let p be (1/m)/((-1)/(-86)). What is the tens digit of (-11 + 8)*p/3?
4
Let i(x) = -58*x + 25. What is the units digit of i(-11)?
3
Suppose -3*m = 306 + 192. Let b = -95 - m. What is the units digit of b?
1
Let f(y) = y**2 + 12*y + 5. Let b = -46 - -32. What is the tens digit of f(b)?
3
Let h = -119 - -439. What is the tens digit of h?
2
Let v(x) = x**3 + 8*x**2 - 11*x - 8. Let w be (-32)/4 + -4 + 7. What is the hundreds digit of v(w)?
1
Suppose -101*j + 16578 = -83*j. What is the tens digit of j?
2
Let p = 896 - -169. What is the tens digit of p?
6
Let s(l) = 7*l**2 - 3*l + 45. What is the hundreds digit of s(5)?
2
Let m = -7 - -18. Let z(v) = -6*v - 33. Let p(x) = -5*x - 32. Let u(o) = -7*p(o) + 6*z(o). What is the tens digit of u(m)?
1
Suppose 44*w - 41*w - 3618 = 0. What is the thousands digit of w?
1
Let t(y) = -y**2 - 5*y - 3. Let r be t(-3). Suppose j = 4, 0 = 2*s - s - r*j + 15. What is the tens digit of (10/s)/(12/(-108))?
3
Let g(s) = s**2 + 5*s - 15. Let y be 2 - (0 - -2 - -8). What is the units digit of g(y)?
9
Suppose -3*f - 8 = -2. Let x be -3 + 0/f - -19. What is the tens digit of (-5)/((-5)/x) - 2?
1
Suppose -1 = f - 5. Suppose -3*q + 300 = j + j, f*q - 389 = j. What is the tens digit of q?
9
Suppose -x = -3, 0 = -q - 2*x + 487 + 221. What is the hundreds digit of q?
7
Let k(z) = -z**3 + 3*z**2 + 3*z - 3. Let m be k(3). Suppose x = j - 28, x + m - 74 = -2*j. What is the tens digit of j?
3
Let x = -1787 - -2708. What is the units digit of x?
1
Let n(z) = -z**3 - z**2 + 12 - 2*z**2 - 6*z**2 + 16*z. Let y be n(-11). Let i = y - 49. What is the tens digit of i?
2
Let g(s) be the third derivative of 7*s**6/60 - s**5/30 + 3*s**4/8 - 13*s**3/6 - 4*s**2. What is the hundreds digit of g(2)?
1
Suppose -330 = -q - 2*p + 616, 0 = -4*q - 2*p + 3790. What is the tens digit of q?
4
Let c(l) = l**2 + 3*l - 5. Let k be c(-5). Suppose 0 = 3*j + 19 + 17. What is the units digit of k + 0 + j/4?
2
Suppose -3*t - 146 = 124. Let r be (-15)/t + 103/(-6). Let v = r + 59. What is the units digit of v?
2
Let x = -497 + 775. What is the units digit of x?
8
Let a(u) = -u**3 - 4*u**2 + 7*u - 7. Let i = 21 - 2. Suppose 30 = 14*x - i*x. What is the units digit of a(x)?
3
Suppose -g + 1200 = -2*q, 4*g - 2*q - 3568 = 1232. What is the hundreds digit of g?
2
Let x(z) = 16*z**3 - 40*z**2 + 160*z + 9. What is the thousands digit of x(4)?
1
Let b(d) = 11*d + 23. What is the hundreds digit of b(28)?
3
Suppose 19559 = 12*a - 11809. What is the thousands digit of a?
2
What is the tens digit of 418 + -9 + (1*6 - 2)?
1
What is the units digit of (-6 - -3268)*6/12?
1
Let h(p) = p**2 + 9*p. Let g be h(-9). Let z = g + 71. What is the units digit of z?
1
Let j(m) = -12*m + 24. Suppose -c = 9*c + 70. What is the tens digit of j(c)?
0
Suppose 24 = 2*a - 4*c, -a - 9 - 14 = 5*c. What is the units digit of (3 - a)/(1/95)?
5
Suppose 20*a = -12*a + 17024. What is the tens digit of a?
3
Let v = -3 - -10. Let n = v - 3. Suppose -3*y + y - 2*p = -n, 5*p = -y - 18. What is the units digit of y?
7
Let n = 906 - 452. What is the units digit of n?
4
Let g(w) be the third derivative of 3*w**4/4 - 16*w**2. What is the tens digit of g(3)?
5
Let k be ((-339)/12)/((-17)/68). Let h(z) = -54*z**2. Let w be h(-1). Let a = k + w. What is the units digit of a?
9
Let o = -6 + 7. Let q = -10 - o. What is the units digit of (q/(-22))/((-2)/(-68))?
7
Let u(p) = 9*p - 3 - p**2 - 2 + 0*p**2. Let x(j) = 2*j**2 - 21*j - 5. Let i be x(11). What is the units digit of u(i)?
3
Suppose 2349 = 3*v + 4*m - 2931, v + 4*m - 1768 = 0. What is the hundreds digit of v?
7
What is the hundreds digit of 1311/(-92)*(-1 + -67)?
9
Let i(j) = -j**2 + 16*j + 19. Let k be i(17). Let d(w) = 12*w**3 + 4*w**2 - 4*w + 3. What is the tens digit of d(k)?
0
Suppose -42*a + a = -14063. What is the tens digit of a?
4
Let d = 4565 + -610. What is the hundreds digit of d?
9
Let s = 442 - 301. Suppose 2*y = -r + 88, -r + 3*y + s = r. What is the units digit of r?
8
Let g(x) = 404*x**3 - x**2 + 1. What is the hundreds digit of g(1)?
4
Let f(u) = u**2 + 3*u. Let b be f(-4). Let y be 2/b - 35/(-14). Suppose -4 = y*n - 73. What is the tens digit of n?
2
Suppose 0 = -5*n - 3*q - 2*q + 15, -2*n + 5*q = 15. Suppose -2*s - 4*a + n*a = -32, 16 = s - 2*a. What is the units digit of s?
6
Let y be 1/(-2) - (-11)/2. Suppose -2*d + 8 = 2*l, 1 - 11 = -5*l. Suppose d*z - y*h - 41 = 0, -7*z = -2*z - 4*h - 77. What is the units digit of z?
3
Let g(v) = -v**2 - 22*v + 27. Let m be g(-11). Let i = -96 + m. What is the tens digit of i?
5
Let n(x) = -x**3 - 8*x**2 + 12*x + 19. Let u be n(-9). What is the units digit of (-70)/u + 35/28?
0
Let b = -4 - -9. Let m = 18 - 13. Suppose -3*y + 0 + 2 = m*z, 2*z - 35 = -b*y. What is the units digit of y?
9
What is the thousands digit of (-1)/2*(6*3175)/(-5)?
1
Let l = 17 - 10. Suppose 2*r - l = 3. Suppos